{"id":461,"date":"2009-07-17T04:05:24","date_gmt":"2009-07-17T02:05:24","guid":{"rendered":"http:\/\/www.schmidtswelt.net\/wollopress\/?page_id=461"},"modified":"2009-08-18T04:44:19","modified_gmt":"2009-08-18T02:44:19","slug":"23-04-2007-und-ab-gehts-wieder","status":"publish","type":"page","link":"http:\/\/www.schmidtswelt.net\/?page_id=461","title":{"rendered":"23.04.2007 &#8211; Und ab gehts wieder&#8230;"},"content":{"rendered":"<p>Hallo liebe Freunde!<\/p>\n<p>Nachdem ich nun einen Monat hier in Deutschland war, mich von verschiedenen \u00c4rzten hab durchchecken lassen, ist es nun wieder Zeit nach Peru zur\u00fcckzukehren!<br \/>\nMorgen ist es soweit. Um 7.55 geht mein Flieger von Frankfurt ab nach Madrid. Dort soll ich um 10.25 Uhr ankommen und um 12.40 Uhr geht&#8217;s weiter nach Lima. Und dann k\u00f6nnt&#8217;s knapp werden. Transatlantische Fl\u00fcge kommen selten p\u00fcnktlich nach Flugplan an. Nach Flugplan soll ich um 17.35 Uhr (Ortszeit) in Lima landen und um 19.10 Uhr schon wieder weiterfliegen nach Arequipa. Danke wenn ihr mitbetet, dass ich den Flieger krieg, denn sonst m\u00fcsste ich ne Nacht in Lima \u00fcbernachten.<br \/>\nUnd ein weiteres Gebetsanliegen ist wieder das Gep\u00e4ck. Ich werd auf jeden Fall \u00dcbergewicht haben (also, ihr wisst, was ich meine. Das Gep\u00e4ck wird \u00dcbergewicht haben&#8230;) und es w\u00e4re ein Gebetsanliegen, dass es ohne weitere Kosten durchgeht.<br \/>\nUnd wenn alles klappt, komme ich um 20.35 Uhr in Arequipa an und werde dort am Flughafen von lieben Freunden abgeholt.<br \/>\nFreu mich schon drauf, wieder dort zu sein.<br \/>\nN\u00e4chste Woche werd ich dann wieder in den Sprachunterricht einsteigen k\u00f6nnen.<br \/>\nWerde mich wieder melden, wenn ich angekommen bin!<\/p>\n<p>Danke f\u00fcr alle Gebete!<br \/>\nEuer Wollo<\/p>\n","protected":false},"excerpt":{"rendered":"<p>Hallo liebe Freunde! Nachdem ich nun einen Monat hier in Deutschland war, mich von verschiedenen \u00c4rzten hab durchchecken lassen, ist es nun wieder Zeit nach Peru zur\u00fcckzukehren! Morgen ist es soweit. Um 7.55 geht mein Flieger von Frankfurt ab nach Madrid. Dort soll ich um 10.25 Uhr ankommen und um<\/p>\n","protected":false},"author":2,"featured_media":0,"parent":306,"menu_order":10,"comment_status":"closed","ping_status":"closed","template":"","meta":[],"_links":{"self":[{"href":"http:\/\/www.schmidtswelt.net\/index.php?rest_route=\/wp\/v2\/pages\/461"}],"collection":[{"href":"http:\/\/www.schmidtswelt.net\/index.php?rest_route=\/wp\/v2\/pages"}],"about":[{"href":"http:\/\/www.schmidtswelt.net\/index.php?rest_route=\/wp\/v2\/types\/page"}],"author":[{"embeddable":true,"href":"http:\/\/www.schmidtswelt.net\/index.php?rest_route=\/wp\/v2\/users\/2"}],"replies":[{"embeddable":true,"href":"http:\/\/www.schmidtswelt.net\/index.php?rest_route=%2Fwp%2Fv2%2Fcomments&post=461"}],"version-history":[{"count":4,"href":"http:\/\/www.schmidtswelt.net\/index.php?rest_route=\/wp\/v2\/pages\/461\/revisions"}],"predecessor-version":[{"id":602,"href":"http:\/\/www.schmidtswelt.net\/index.php?rest_route=\/wp\/v2\/pages\/461\/revisions\/602"}],"up":[{"embeddable":true,"href":"http:\/\/www.schmidtswelt.net\/index.php?rest_route=\/wp\/v2\/pages\/306"}],"wp:attachment":[{"href":"http:\/\/www.schmidtswelt.net\/index.php?rest_route=%2Fwp%2Fv2%2Fmedia&parent=461"}],"curies":[{"name":"wp","href":"https:\/\/api.w.org\/{rel}","templated":true}]}}