{"id":455,"date":"2009-07-17T04:00:42","date_gmt":"2009-07-17T02:00:42","guid":{"rendered":"http:\/\/www.schmidtswelt.net\/wollopress\/?page_id=455"},"modified":"2009-08-18T04:43:43","modified_gmt":"2009-08-18T02:43:43","slug":"08-08-2007-zwangsanderung-meiner-mailadresse","status":"publish","type":"page","link":"http:\/\/www.schmidtswelt.net\/?page_id=455","title":{"rendered":"08.08.2007 &#8211; Zwangs\u00e4nderung meiner Mailadresse"},"content":{"rendered":"<p>Hallo liebe Freunde!<br \/>\nEin kurzes Update f\u00fcr Euch, weil sich meine Mail-Adresse ge\u00e4ndert hat.<br \/>\n<strong>ws.paraperu@gmx.de<\/strong> ist nicht mehr g\u00fcltig. GMX hat den ganzen Account gel\u00f6scht, was f\u00fcr mich nur zur\u00fcckzuf\u00fchren ist auf die Unf\u00e4higkeit bei Problemen mit gmx sinnvoll zu kommunizieren.<br \/>\nDa ich gl\u00fccklicherweise noch einen anderen gmx-Account habe, konnte ich die Mail-Adresse<br \/>\n<strong>ws.paraperu@gmx.net<\/strong><br \/>\nohne Probleme anlegen. \u00c4ndert bei meiner Mail-Adresse nur die Endung: Statt <strong>.de<\/strong> gilt jetzt <strong>.net.<\/strong><br \/>\nIn ein paar Wochen wird es m\u00f6glich sein die gel\u00f6schte Adresse ws.paraperu@gmx.de wieder anzulegen, was ich dann auch tun werde. Denn auf all meinen Gebetskarten steht ja die .de-Adresse. Ich werde dann beide Adressen abrufen, damit Eure Mails auf jeden Fall ankommen.<\/p>\n<p>Und da ich ja nun schonmal am Mail schreiben bin, kann ich ja auch gleich erz\u00e4hlen, was grad sonst noch los ist.<\/p>\n<p>Nun, die kurzen Ferien sind vorbei und der Schulalltag hat mich wieder. Jetzt wird intensiv die gelernte Grammatik einge\u00fcbt und spezielle Themen behandelt. Mit Juan-Carlos behandle ich grade Lebensstile in Peru und gestern haben wir ein St\u00fcck aus einem Katholischen Buch gelesen wo die Marien- und Heiligenverehrung verteidigt wurde. Hinterher haben wir dar\u00fcber gesprochen, was daran richtig und falsch ist, und was wir von der Bibel her dazu sagen m\u00fcssen.<br \/>\nDiese Themen sind sehr interessant und werden mir in meinem Dienst helfen.<\/p>\n<p>Wie in meinem letzten Mail erw\u00e4hnt, hatte ich dann einen Gips f\u00fcr meine B\u00e4nderdehnung bekommen. Ja, ja, ich wei\u00df, in Deutschland h\u00e4tte mir kein Arzt einen Gips gemacht. Aber, naja, ist halt Peru. Da ich auch immer noch Schmerzen hatte, war mir dann auch klar, dass ich nicht nach San Ramon kann. Aber als ich dann bei Alberto anrief, der Mitarbeiter, der f\u00fcr die Jugendfreizeit zust\u00e4ndig war, stellte sich aber auch raus, dass die Freizeit ausfiel. Kurz vorher hatten die Lehrer gestreikt, was die Sch\u00fcler dann in ihren Ferien ausbaden mussten. So konnte nat\u00fcrlich fast niemand zu der Freizeit kommen.<br \/>\nSo war es nicht sooo schlimm, dass ich nicht hinkonnte, doch ich finde es immer noch schade, dass ich nicht den Ort und die Leute sehen konnte, mit denen ich arbeiten werde.<\/p>\n<p>Bald steht auch ein Umzug an. Die Familie, bei der ich wohne muss aus dem gemieteten Haus raus und zieht in ihr eigenes Haus, was bisher vermietet war. Es wurde ein wenig aufgestockt und jetzt werden die letzten Feinheiten gemacht. Und in einer Woche oder so geht&#8217;s dann ab. Danke wenn ihr f\u00fcr die Familie betet. Man merkt schon, dass sie echt gestresst sind. Sie w\u00fcrden gern noch mehr erneuern in ihrem Haus, aber dazu fehlt das Geld. Und es ist schon eine finanzielle Anstrengung, der ganze Umzug. Nerven liegen blank.\u00a0Vor einigen Tagen hielt ich die weinende Hausmama im Arm&#8230;<br \/>\nDanke f\u00fcr Euer Gebet!<\/p>\n<p>Nat\u00fcrlich muss ich Euch wieder auf meine Homepage hinweisen. \ud83d\ude42 <a href=\"http:\/\/www.wollo-lifestyle.de\/\">www.wollo-lifestyle.de<\/a><br \/>\nAuf die Startseite hab ich diesmal ein Lied gestellt, das mich sehr ber\u00fchrt hat. Es geht um bedingungslose Liebe und dass wir die von Gott bekommen. Leider nicht sehr oft von Menschen&#8230;<br \/>\nHerzliche Einladung mal reinzuh\u00f6ren.<\/p>\n<p>So, nun ein herzliches &#8222;Dios les bendiga&#8220; (Gott segne Euch) und bis bald!<br \/>\nEuer Wolfgang<\/p>\n","protected":false},"excerpt":{"rendered":"<p>Hallo liebe Freunde! Ein kurzes Update f\u00fcr Euch, weil sich meine Mail-Adresse ge\u00e4ndert hat. ws.paraperu@gmx.de ist nicht mehr g\u00fcltig. GMX hat den ganzen Account gel\u00f6scht, was f\u00fcr mich nur zur\u00fcckzuf\u00fchren ist auf die Unf\u00e4higkeit bei Problemen mit gmx sinnvoll zu kommunizieren. Da ich gl\u00fccklicherweise noch einen anderen gmx-Account habe, konnte<\/p>\n","protected":false},"author":2,"featured_media":0,"parent":306,"menu_order":7,"comment_status":"closed","ping_status":"closed","template":"","meta":[],"_links":{"self":[{"href":"http:\/\/www.schmidtswelt.net\/index.php?rest_route=\/wp\/v2\/pages\/455"}],"collection":[{"href":"http:\/\/www.schmidtswelt.net\/index.php?rest_route=\/wp\/v2\/pages"}],"about":[{"href":"http:\/\/www.schmidtswelt.net\/index.php?rest_route=\/wp\/v2\/types\/page"}],"author":[{"embeddable":true,"href":"http:\/\/www.schmidtswelt.net\/index.php?rest_route=\/wp\/v2\/users\/2"}],"replies":[{"embeddable":true,"href":"http:\/\/www.schmidtswelt.net\/index.php?rest_route=%2Fwp%2Fv2%2Fcomments&post=455"}],"version-history":[{"count":4,"href":"http:\/\/www.schmidtswelt.net\/index.php?rest_route=\/wp\/v2\/pages\/455\/revisions"}],"predecessor-version":[{"id":599,"href":"http:\/\/www.schmidtswelt.net\/index.php?rest_route=\/wp\/v2\/pages\/455\/revisions\/599"}],"up":[{"embeddable":true,"href":"http:\/\/www.schmidtswelt.net\/index.php?rest_route=\/wp\/v2\/pages\/306"}],"wp:attachment":[{"href":"http:\/\/www.schmidtswelt.net\/index.php?rest_route=%2Fwp%2Fv2%2Fmedia&parent=455"}],"curies":[{"name":"wp","href":"https:\/\/api.w.org\/{rel}","templated":true}]}}