{"id":12,"date":"2009-06-12T19:39:16","date_gmt":"2009-06-13T00:39:16","guid":{"rendered":"http:\/\/www.schmidtswelt.net\/wollopress\/?page_id=12"},"modified":"2016-08-30T04:49:22","modified_gmt":"2016-08-30T09:49:22","slug":"unterseite-beispiel","status":"publish","type":"page","link":"http:\/\/www.schmidtswelt.net\/?page_id=12","title":{"rendered":"Heike"},"content":{"rendered":"<p><span style=\"font-size: medium;\">Tja, das bin also ich!<\/span><span style=\"font-size: medium;\"> Die Heike.<\/span><\/p>\n<p><span style=\"font-size: medium;\"><a href=\"http:\/\/www.schmidtswelt.net\/wp-content\/uploads\/2009\/06\/SL272928.JPG\"><img decoding=\"async\" loading=\"lazy\" class=\"alignnone size-medium wp-image-426\" title=\"Heike schmeckts :-)\" alt=\"Heike schmeckts :-)\" src=\"http:\/\/www.schmidtswelt.net\/wp-content\/uploads\/2009\/06\/SL272928-225x300.jpg\" width=\"225\" height=\"300\" srcset=\"http:\/\/www.schmidtswelt.net\/wp-content\/uploads\/2009\/06\/SL272928-225x300.jpg 225w, http:\/\/www.schmidtswelt.net\/wp-content\/uploads\/2009\/06\/SL272928-112x150.jpg 112w, http:\/\/www.schmidtswelt.net\/wp-content\/uploads\/2009\/06\/SL272928-768x1024.jpg 768w\" sizes=\"(max-width: 225px) 100vw, 225px\" \/><\/a><br \/>\n<\/span><\/p>\n<h2><strong>Wissenswertes \u00fcber mich:<\/strong><\/h2>\n<h2><\/h2>\n<table style=\"height: 478px;\" width=\"544\" border=\"0\" frame=\"box\" rules=\"all\" cellspacing=\"0\" cellpadding=\"5\" align=\"left\">\n<tbody>\n<tr>\n<td width=\"300\"><\/td>\n<td width=\"400\"><\/td>\n<\/tr>\n<tr>\n<td valign=\"top\" width=\"300\"><span style=\"text-decoration: underline;\"><strong><span style=\"font-size: medium;\">Birthday:<\/span><\/strong><\/span><\/td>\n<td width=\"400\"><span style=\"font-size: medium;\">26.06.1977<\/span><\/td>\n<\/tr>\n<tr>\n<td valign=\"top\" width=\"300\"><span style=\"text-decoration: underline;\"><strong><span style=\"font-size: medium;\">Heimatort:<\/span><\/strong><\/span><\/td>\n<td width=\"400\"><span style=\"font-size: medium;\"><span style=\"color: #000000;\">Gie\u00dfen-Kleinlinden<\/span><span style=\"color: #ffffff; font-size: medium;\"><strong><\/strong><span style=\"color: #000000;\"><br \/>\n<\/span><\/span><\/span><\/td>\n<\/tr>\n<tr>\n<td valign=\"top\" width=\"300\"><strong><span style=\"text-decoration: underline;\"><span style=\"font-size: medium;\">Beruf:<\/span><\/span><\/strong><\/td>\n<td width=\"400\"><span style=\"font-size: medium;\"><span style=\"font-size: medium;\">Nach meiner Ausbildung zur Erzieherin ging ich f\u00fcr 7 Jahre zu <a href=\"http:\/\/www.mvdoulos.org\" target=\"_blank\">OM-Schiffe<\/a> (Operation Mobilisation). <\/span><\/span><span style=\"font-size: medium;\"><span style=\"font-size: medium;\"><span style=\"font-size: medium;\">Von 2006 bis Oktober 2008 war ich Sekret\u00e4rin der Missionsleitung der VDM (<a href=\"http:\/\/www.vdm.org\" target=\"_blank\">Vereinigte Deutsche Missionshilfe<\/a>). <\/span><\/span><\/span><span style=\"font-size: medium;\">Am 22.12.2008 heiratete ich Wolfgang, unterst\u00fctzte ihn bis 2016 in der Missionsarbeit in Peru, <\/span><span style=\"font-size: medium;\">und bin nun vollzeit Hausfrau und Mutter von Ben, Hannes und Lilly.<br \/>\n<\/span><\/td>\n<\/tr>\n<tr>\n<td width=\"300\"><strong><span style=\"text-decoration: underline;\"><span style=\"font-size: medium;\">Kontakt:<\/span><\/span><\/strong><\/td>\n<td width=\"400\"><span style=\"font-size: medium;\">Skype: missingdoulos<br \/>\n<\/span><\/td>\n<\/tr>\n<tr>\n<td valign=\"top\" width=\"300\"><strong><span style=\"text-decoration: underline;\"><span style=\"font-size: medium;\">Hobbys:<\/span><\/span><\/strong><\/td>\n<td width=\"400\"><span style=\"font-size: medium;\">Lesen, Kochen, Wollo \u00e4rgern, facebooken, bloggen<br \/>\n<\/span><\/td>\n<\/tr>\n<\/tbody>\n<\/table>\n<div id=\"OKAYFREEDOM_INJECTED\" style=\"display: none;\"><\/div>\n","protected":false},"excerpt":{"rendered":"<p>Tja, das bin also ich! Die Heike. Wissenswertes \u00fcber mich: Birthday: 26.06.1977 Heimatort: Gie\u00dfen-Kleinlinden Beruf: Nach meiner Ausbildung zur Erzieherin ging ich f\u00fcr 7 Jahre zu OM-Schiffe (Operation Mobilisation). Von 2006 bis Oktober 2008 war ich Sekret\u00e4rin der Missionsleitung der VDM (Vereinigte Deutsche Missionshilfe). Am 22.12.2008 heiratete ich Wolfgang, unterst\u00fctzte<\/p>\n","protected":false},"author":3,"featured_media":0,"parent":2,"menu_order":1,"comment_status":"closed","ping_status":"closed","template":"","meta":[],"_links":{"self":[{"href":"http:\/\/www.schmidtswelt.net\/index.php?rest_route=\/wp\/v2\/pages\/12"}],"collection":[{"href":"http:\/\/www.schmidtswelt.net\/index.php?rest_route=\/wp\/v2\/pages"}],"about":[{"href":"http:\/\/www.schmidtswelt.net\/index.php?rest_route=\/wp\/v2\/types\/page"}],"author":[{"embeddable":true,"href":"http:\/\/www.schmidtswelt.net\/index.php?rest_route=\/wp\/v2\/users\/3"}],"replies":[{"embeddable":true,"href":"http:\/\/www.schmidtswelt.net\/index.php?rest_route=%2Fwp%2Fv2%2Fcomments&post=12"}],"version-history":[{"count":20,"href":"http:\/\/www.schmidtswelt.net\/index.php?rest_route=\/wp\/v2\/pages\/12\/revisions"}],"predecessor-version":[{"id":14,"href":"http:\/\/www.schmidtswelt.net\/index.php?rest_route=\/wp\/v2\/pages\/12\/revisions\/14"}],"up":[{"embeddable":true,"href":"http:\/\/www.schmidtswelt.net\/index.php?rest_route=\/wp\/v2\/pages\/2"}],"wp:attachment":[{"href":"http:\/\/www.schmidtswelt.net\/index.php?rest_route=%2Fwp%2Fv2%2Fmedia&parent=12"}],"curies":[{"name":"wp","href":"https:\/\/api.w.org\/{rel}","templated":true}]}}